 prime factors of b.
2, 7
Let h = 250 - -385. Suppose 93 = 7*j - h. What are the prime factors of j?
2, 13
Let n(b) = 23*b - 17. Let i be n(-1). Let s be (3/4)/((-2)/760). What are the prime factors of (32/i)/(2/s)?
2, 3, 19
Suppose v - 8292 = -2*u + 5*v, 2*u - 8290 = 3*v. List the prime factors of u.
2, 19, 109
List the prime factors of 148*(-4)/24*(5187/(-6) + -1).
37, 577
Suppose -2*k - 591 = -605. Suppose -k*f + 10662 = -671. What are the prime factors of f?
1619
Suppose -2*g = -2*u - 2 + 12, -11 = -u + 4*g. Suppose 0 = 3*w + u*r - 3213, -10 = -5*r + 5. What are the prime factors of w?
2, 3, 89
Let v(j) = 18*j - 92. Let a(m) be the second derivative of 3*m**3/2 - 23*m**2 + 46*m. Let l(z) = 7*a(z) - 3*v(z). What are the prime factors of l(8)?
2, 13
Let z be (15/(5*18/60))/1. What are the prime factors of (3176/z)/(6/90*6)?
2, 397
Let m be -3 + 6 + (-9)/3. Suppose -4*d + 4 + m = 0, -5*u = -3*d - 327. What are the prime factors of u?
2, 3, 11
Let t = 6391 - -3328. List the prime factors of t.
9719
Let k = 16 + -14. Suppose k = -l - 3, 3*b - 1201 = 2*l. Suppose b = 2*t + 147. List the prime factors of t.
5
Let i be (-5 + 3)*6/(-4). Suppose -r = 4*s - 4*r - 7, -24 = -i*s - 4*r. Suppose -5*t + v = -4*t - 221, -s*v = -16. What are the prime factors of t?
3, 5
Let s = -55 - -57. Let u be s*298/(-5)*25/(-20). Let w = u - 87. What are the prime factors of w?
2, 31
Let x(t) = -11*t + 103. Let h be x(9). Suppose 0 = 5*k + 5*r - 516 - 459, h*k + 2*r = 782. List the prime factors of k.
2, 7
Let w = -7932 - -10809. List the prime factors of w.
3, 7, 137
What are the prime factors of 9830/(-2)*132/(-110)?
2, 3, 983
Suppose 2*u + 8 = -3*o, -5*u + 2*o + 2 = 4*o. Let y(i) = -5*i - 5. Let g be y(-2). Suppose 0 = -g*r + 5, 217 = 5*n + u*r - 5*r. What are the prime factors of n?
2, 11
Suppose 5*z + 288 = -19*z. What are the prime factors of 452 + (4 - z/(-4))?
3, 151
Suppose 624 = -9*a + 15*a. Suppose -2*y - 48 + a = 0. List the prime factors of y.
2, 7
Let w be -4*42/24 - 239. Let k = w - -838. List the prime factors of k.
2, 37
Let l(s) = -s - 28. Let y be l(8). Let c be (-10)/(-4)*(2 - y/(-30)). Suppose -5*m - 4*f = 9 - 139, -c*m - 4*f + 64 = 0. What are the prime factors of m?
2, 11
Let p(c) = c**3 - 6*c**2 - 14*c - 5. Let o be 2/1*(-5)/10. Let t be (0/o - 4) + 12. What are the prime factors of p(t)?
11
Let c(o) = 21*o**2 + 18*o - 25. Let w be c(6). Let i = w - 445. What are the prime factors of i?
2, 197
Let o(z) = -z**3 - z**2 + 3*z + 4. Let x be o(0). What are the prime factors of (x - 2)/((-16)/(-1936))?
2, 11
Let z be (244/10)/(-1*7/35). Let a = z + 127. Suppose -2*c + a*d + 376 = 0, c - 2*d = -c + 370. What are the prime factors of c?
3, 61
Let b be (-577)/(-4) - 2/8. Let w = 554 - 513. Let n = b - w. List the prime factors of n.
103
Suppose 0 = -9*b - 22 - 32. Suppose 49 = -3*n + l, 5*l - 32 = 4*n + 15. List the prime factors of (75/9)/(b/n).
5
Let r(c) be the third derivative of -c**4/12 + 17*c**3/6 - 5*c**2. Let s(z) = 25*z - 205. Let x(n) = -35*r(n) - 3*s(n). List the prime factors of x(-7).
5, 11
Suppose -2*a = -5*a + 5*f + 37, 2*f = -a + 5. Suppose -2*i = 4*r - 560, -4*r - 298 = a*i - 10*i. List the prime factors of i.
2, 11, 13
Let d = 1 + 4. Let y be 11/(22/1150) - 11. Suppose d*l - y = -l. What are the prime factors of l?
2, 47
Let l be (11 - (0 + -4)) + 3/1. Suppose 5*m - l = -23. What are the prime factors of (-1)/m*6*11?
2, 3, 11
Suppose -3*r - 5*w = 3, 124 = 2*r + w + 119. Let k(s) be the second derivative of s**4 - s**3/6 - 13*s**2/2 - 2*s. What are the prime factors of k(r)?
5, 7
Suppose -38*b = -380 - 1254. Let y(w) = w + 1. Let v be y(0). List the prime factors of b - 3 - (v + 0).
3, 13
Let w = 847 + 1154. What are the prime factors of w?
3, 23, 29
Let j(u) = u**3 - 7*u**2 + 14*u - 13. Let y be j(5). Suppose 0 = -3*a + 4 - y. Let i(s) = -153*s**3 - 1. List the prime factors of i(a).
2, 19
Suppose -5*i + 17 = 2, -156 = 3*a + 2*i. Let k = a + 44. Let t = k - -93. List the prime factors of t.
83
Let g = -4 - -8. Suppose 0 = g*d + 5*s - 68, 3*d + s - 84 = -d. Suppose n - 3 - 11 = -4*m, -2*n - 2*m = -d. List the prime factors of n.
2, 5
Let j = -7317 + 15350. What are the prime factors of j?
29, 277
Suppose -3*j = -4*t - 44, -t = 3*j - 3 - 1. Let w(u) be the first derivative of 4*u**3/3 + 4*u**2 - 18*u - 54. What are the prime factors of w(t)?
2, 3, 29
Suppose -4*r = 21 - 29. Let j(b) = r*b**2 + 3 - 6 - 3 - 7*b + 5*b. What are the prime factors of j(-5)?
2, 3
Suppose 185032 + 41444 = 12*y. What are the prime factors of y?
3, 233
Suppose 0 = 22*p - 1376 + 14070. Let j = p + 689. List the prime factors of j.
2, 7
Let k = 221 - 212. Suppose -k*s + 2304 = -4230. What are the prime factors of s?
2, 3, 11
Let o(c) = -474*c - 10. Let m be o(-6). Suppose 12*g - 3658 - m = 0. List the prime factors of g.
541
Suppose -7*n - 55 = -12*n. Let d(m) = 7 + n*m**2 + 3*m + 2*m - m + 3. What are the prime factors of d(-5)?
5, 53
Let h(w) = 1138*w + 219. What are the prime factors of h(4)?
13, 367
Let h be 10/20 + 5/(-2). Let a(o) = -429*o - 4. What are the prime factors of a(h)?
2, 7, 61
Suppose 20 = -5*t, z + 3*t - 375 = 2*t. Suppose 21*r = 167 + z. What are the prime factors of r?
2, 13
Suppose 39*o - 111086 - 473719 = 0. List the prime factors of o.
5, 2999
Suppose -25*g = -d - 23*g + 23012, 3*d = -19*g + 68836. What are the prime factors of d?
2, 5749
Let z = 70119 - 28226. What are the prime factors of z?
41893
Let w(g) = -327*g + 11027. What are the prime factors of w(-21)?
2, 23, 389
Let x(h) = 16*h**2 + 7*h - 2. Let l = -181 + 179. List the prime factors of x(l).
2, 3
Suppose 0 = -5*t, 2*t + 255 - 45 = -3*k. Let x = 55 - k. List the prime factors of x.
5
Let s(n) = -391*n - 416. List the prime factors of s(-7).
11, 211
Suppose k + 293 = -2*v + 112, 0 = -5*v + 4*k - 446. Let l = 74 + v. Let x = l + 35. List the prime factors of x.
19
Suppose 3*y - 3*r = 55845 + 3603, 4*r = -8. List the prime factors of y.
2, 9907
Let t = 34 - 10. Let f(v) = -20*v - 20*v - t*v + 34 + 61*v. What are the prime factors of f(10)?
2
Suppose i + 1 = -0*i, -4*q - 5*i + 15 = 0. Let h(o) = 66*o + 61. What are the prime factors of h(q)?
17, 23
What are the prime factors of 10/(-12) + (-826)/(-252)*1425?
2, 5, 467
Suppose 3*m + 6905 = -2*d + 47375, -4*m + d + 53949 = 0. List the prime factors of m.
2, 3, 281
Let v be 14/4*(-148)/(-259). Suppose -v*j + 185 + 43 = 2*w, -w + 4*j = -109. What are the prime factors of w?
113
What are the prime factors of (5060/(-440))/(((-2274)/2272 - 0) + 1)?
2, 23, 71
Suppose 26 = 3*n + 2*i + 2*i, 4*i - 14 = 3*n. Suppose n*a + 4*a = 0. Suppose 3*g + g - 196 = a. What are the prime factors of g?
7
Let z = 21498 + -14490. What are the prime factors of z?
2, 3, 73
List the prime factors of 21363 + (6 - 2 - 17).
2, 5, 7, 61
Suppose -59*x + 450528 = -2*x. List the prime factors of x.
2, 13, 19
Let x be (-4 - -10)/3 + 241. Let t = x + -82. List the prime factors of t.
7, 23
Let n(z) = z**3 - 11*z**2 + 4*z - 17. Let j be n(12). Let a = 86 + j. List the prime factors of a.
3, 29
List the prime factors of 4822 + -56 + (-3 + 4)*-8.
2, 3, 13, 61
Let c be ((-318)/(-18) - -2)*(-143 - 4). Let r = -1822 - c. What are the prime factors of r?
1069
Let x be 3 - (1 + -1 - 1). Let y(o) = -11*o + 579. Let a be y(52). Suppose x*r = a*r - 102. What are the prime factors of r?
2, 17
Let u = -1310 + 10799. What are the prime factors of u?
3, 3163
Let h(p) be the third derivative of -p**6/40 + p**5/60 - p**4/24 - 146*p**2. List the prime factors of h(-3).
3, 31
Let l(u) = -5*u**3 - 3*u**2 + 3*u + 20. Let f be l(-6). Let h = 1476 - f. List the prime factors of h.
2, 251
Suppose 159 = 11*g - 10*g. Let r = -73 + g. Let t = 144 - r. What are the prime factors of t?
2, 29
Let h = 393 + -213. Suppose -157 = y - h. What are the prime factors of y?
23
Suppose -q = 4*h + 3751, 0 = -4*q + h + 3*h - 15044. Let w = -2039 - q. List the prime factors of w.
2, 5, 43
Let d be (-16)/(-184) + 1292/(-46). List the prime factors of (8/(-128)*d)/((-2)/(-200)).
5, 7
Let k be 2/(70/1245) + 15/35. List the prime factors of (-6)/8 + 5355/k.
2, 37
List the prime factors of (1 - 2)/(76/(-579196)).
7621
Suppose -h + 11 = -3*w, 2*w - 5 = 7*w. Suppose h*x = -656 - 96. Let l = x + 166. What are the p